{"id":2,"date":"2023-11-13T22:19:38","date_gmt":"2023-11-13T22:19:38","guid":{"rendered":"http:\/\/cursusmode.com\/?page_id=2"},"modified":"2024-07-30T03:42:05","modified_gmt":"2024-07-30T03:42:05","slug":"sample-page","status":"publish","type":"page","link":"https:\/\/cursusmode.com\/index.php\/sample-page\/","title":{"rendered":"CURSUS"},"content":{"rendered":"\n<div class=\"wp-block-group\"><div class=\"wp-block-group__inner-container is-layout-flow wp-block-group-is-layout-flow\">\n<p class=\"has-text-align-left\">Cursus MODE propose les Programmes Pr\u00e9paratoires FOCUS METIER :<\/p>\n\n\n\n<p>Ces Programmes d\u2019apprentissage sont \u00e9labor\u00e9s en ad\u00e9quation avec les attentes de la Mode internationale et dispens\u00e9s \u00e0 toutes personnes Motiv\u00e9es (tout niveau, tout \u00e2ge, aucun pr\u00e9 requis) d\u00e9sirant exercer le m\u00e9tier de Styliste.<\/p>\n\n\n\n<p>Si vous souhaitez devenir STYLISTE, nous vous proposons ces deux options:&nbsp;<\/p>\n\n\n\n<p>MY FASHION PROJECT : D\u00e9couvertes et Orientation METIER, Projet de Carri\u00e8re et Coaching&nbsp;<\/p>\n\n\n\n<p class=\"has-text-align-left\">DEVENIR STYLISTE : Acquisition des bases n\u00e9cessaires au M\u00e9tier de Styliste de Mode<\/p>\n\n\n\n<p>Pour de plus amples informations : info@cursusmode.com<\/p>\n<\/div><\/div>\n\n\n\n<figure class=\"wp-block-image size-full\"><img loading=\"lazy\" decoding=\"async\" width=\"1414\" height=\"2000\" src=\"https:\/\/cursusmode.com\/wp-content\/uploads\/2024\/07\/FOCUS-METIER.png\" alt=\"\" class=\"wp-image-192\" srcset=\"https:\/\/cursusmode.com\/wp-content\/uploads\/2024\/07\/FOCUS-METIER.png 1414w, https:\/\/cursusmode.com\/wp-content\/uploads\/2024\/07\/FOCUS-METIER-212x300.png 212w, https:\/\/cursusmode.com\/wp-content\/uploads\/2024\/07\/FOCUS-METIER-724x1024.png 724w, https:\/\/cursusmode.com\/wp-content\/uploads\/2024\/07\/FOCUS-METIER-768x1086.png 768w, https:\/\/cursusmode.com\/wp-content\/uploads\/2024\/07\/FOCUS-METIER-1086x1536.png 1086w\" sizes=\"auto, (max-width: 1414px) 100vw, 1414px\" \/><\/figure>\n","protected":false},"excerpt":{"rendered":"<p>Cursus MODE propose les Programmes Pr\u00e9paratoires FOCUS METIER : Ces Programmes d\u2019apprentissage sont \u00e9labor\u00e9s en ad\u00e9quation avec les attentes de la Mode internationale et dispens\u00e9s \u00e0 toutes personnes Motiv\u00e9es (tout niveau, tout \u00e2ge, aucun pr\u00e9 requis) d\u00e9sirant exercer le m\u00e9tier de Styliste. Si vous souhaitez devenir STYLISTE, nous vous proposons ces deux options:&nbsp; MY FASHION [&hellip;]<\/p>\n","protected":false},"author":1,"featured_media":0,"parent":0,"menu_order":0,"comment_status":"closed","ping_status":"open","template":"","meta":{"footnotes":""},"class_list":["post-2","page","type-page","status-publish","hentry"],"_links":{"self":[{"href":"https:\/\/cursusmode.com\/index.php\/wp-json\/wp\/v2\/pages\/2","targetHints":{"allow":["GET"]}}],"collection":[{"href":"https:\/\/cursusmode.com\/index.php\/wp-json\/wp\/v2\/pages"}],"about":[{"href":"https:\/\/cursusmode.com\/index.php\/wp-json\/wp\/v2\/types\/page"}],"author":[{"embeddable":true,"href":"https:\/\/cursusmode.com\/index.php\/wp-json\/wp\/v2\/users\/1"}],"replies":[{"embeddable":true,"href":"https:\/\/cursusmode.com\/index.php\/wp-json\/wp\/v2\/comments?post=2"}],"version-history":[{"count":18,"href":"https:\/\/cursusmode.com\/index.php\/wp-json\/wp\/v2\/pages\/2\/revisions"}],"predecessor-version":[{"id":193,"href":"https:\/\/cursusmode.com\/index.php\/wp-json\/wp\/v2\/pages\/2\/revisions\/193"}],"wp:attachment":[{"href":"https:\/\/cursusmode.com\/index.php\/wp-json\/wp\/v2\/media?parent=2"}],"curies":[{"name":"wp","href":"https:\/\/api.w.org\/{rel}","templated":true}]}}